01 + 2040?
3441
In base 5, what is 1421331 + -3?
1421323
In base 3, what is 210 - -2112121120?
2112122100
In base 14, what is d6c - -41?
dad
In base 6, what is 1213533 + 2?
1213535
In base 3, what is -101021101 + 2111?
-101011220
In base 15, what is 5 - -151d6b?
151d71
In base 9, what is -60 + -5771?
-5841
In base 10, what is -5 + -30696?
-30701
In base 11, what is 1a192 - 13?
1a17a
In base 10, what is 10 - -4037?
4047
In base 8, what is 213 - 432?
-217
In base 16, what is 176b - -1?
176c
In base 10, what is 5 + -3362?
-3357
In base 2, what is -110101110010010 + 11?
-110101110001111
In base 14, what is 21 - 24b8?
-2497
In base 9, what is -64 + -4364?
-4438
In base 16, what is -10d72 + -4?
-10d76
In base 5, what is -2031 - -2201?
120
In base 11, what is -135 + -247?
-381
In base 12, what is -5 - 6992?
-6997
In base 7, what is 124466430 - 1?
124466426
In base 15, what is 74e8 + -2?
74e6
In base 15, what is -11 + -545e?
-5470
In base 9, what is 134434 + -2?
134432
In base 16, what is -1a9 - 96d?
-b16
In base 9, what is -47050 - -24?
-47025
In base 10, what is 167612 - 1?
167611
In base 8, what is -5707 + -526?
-6435
In base 10, what is -3330 + 161?
-3169
In base 9, what is -15674 + -2?
-15676
In base 9, what is -43 - -16353?
16310
In base 2, what is -100011101001110101 - 1?
-100011101001110110
In base 3, what is -1112 + 211020210?
211012021
In base 7, what is -2105 - -444?
-1331
In base 10, what is -28 + 4865?
4837
In base 14, what is 7b - a2?
-25
In base 14, what is b - 888?
-87b
In base 8, what is 316 - 1177?
-661
In base 14, what is 54daa + 0?
54daa
In base 11, what is -18014 + 14?
-18000
In base 2, what is 100 + -11011111111011?
-11011111110111
In base 7, what is 336644 - -3?
336650
In base 10, what is -1 + 317575?
317574
In base 14, what is -43a4 + 5?
-439d
In base 11, what is 1 - -279?
27a
In base 5, what is -30 - 2412232?
-2412312
In base 16, what is -52dd + -46?
-5323
In base 7, what is 11 + -101344?
-101333
In base 15, what is 105 + -3b9?
-2b4
In base 3, what is 0 - 221012211101?
-221012211101
In base 15, what is 320 - -40?
360
In base 10, what is -32 - -232?
200
In base 11, what is 17415 - -5?
1741a
In base 4, what is 312 - -11200?
12112
In base 14, what is -bb579 - 0?
-bb579
In base 9, what is 122 - -56?
178
In base 3, what is 21 + -21100202001?
-21100201210
In base 2, what is -111010 - -1010010000011?
1010001001001
In base 9, what is -1 - 23146?
-23147
In base 3, what is -11120 + -120221?
-202111
In base 16, what is 4 + d8dd?
d8e1
In base 8, what is 0 - 333321?
-333321
In base 16, what is -25601 + 4?
-255fd
In base 5, what is -2101 - -223?
-1323
In base 16, what is 2772 + -8?
276a
In base 15, what is c0 - -2c4?
394
In base 4, what is 1221301 - -221?
1222122
In base 8, what is 135 - 23475?
-23340
In base 7, what is -23144 + -152?
-23326
In base 7, what is 4 - 23643?
-23636
In base 14, what is -113b0 + -7?
-113b7
In base 3, what is 10 - -22200111221?
22200112001
In base 8, what is 0 - -130175?
130175
In base 5, what is 1244100 - 34?
1244011
In base 15, what is 2 + -16477?
-16475
In base 12, what is -98019 - -9?
-98010
In base 9, what is -178 + 62?
-116
In base 4, what is -10000222 - 12?
-10000300
In base 12, what is -b169 + -80?
-b229
In base 16, what is 7 - -3ab0?
3ab7
In base 4, what is 103 - -2111123?
2111232
In base 15, what is 0 + -aa7bc?
-aa7bc
In base 11, what is 37175 - 8?
37168
In base 16, what is f - 25485?
-25476
In base 12, what is 1 - b239?
-b238
In base 7, what is 40 - -261444?
261514
In base 16, what is -4 + 1652?
164e
In base 5, what is 0 + 13341142?
13341142
In base 4, what is -212203312 - -11?
-212203301
In base 15, what is 3 + -4bbd?
-4bba
In base 13, what is -27 + 19c1?
1997
In base 11, what is -944a - 9?
-9458
In base 7, what is -13024 - -6?
-13015
In base 12, what is 31a84 - 8?
31a78
In base 13, what is 1465b1 - -2?
1465b3
In base 10, what is 58662 - -8?
58670
In base 8, what is 16263 - -5?
16270
In base 15, what is bc09 + -c?
bbec
In base 4, what is -20102130 - -12?
-20102112
In base 12, what is 9a8170 + -2?
9a816a
In base 14, what is 252 - -28c?
500
In base 4, what is -3120 - -213121?
210001
In base 12, what is a1 + 2280?
2361
In base 12, what is -3 + 4a7b4?
4a7b1
In base 8, what is 106710 + 6?
106716
In base 9, what is -41 - 2752?
-2803
In base 7, what is 20 + -51606?
-51556
In base 4, what is 31303 - -110?
32013
In base 9, what is -2 + 20212?
20210
In base 8, what is -61 - -5452?
5371
In base 6, what is -1 + 2400355?
2400354
In base 7, what is 15 - -14402?
14420
In base 6, what is 25451 + 223?
30114
In base 14, what is 6 + -2302?
-22da
In base 4, what is -332220 + 33010?
-233210
In base 7, what is 3341324 - 4?
3341320
In base 16, what is 3 + -21ed?
-21ea
In base 3, what is -10 + -1111211202?
-1111211212
In base 12, what is -4 - -1414b?
14147
In base 13, what is -5 + 1751a5?
1751a0
In base 2, what is 100 + -11101111000100101?
-11101111000100001
In base 10, what is -28466 + -3?
-28469
In base 8, what is -445 + -10415?
-11062
In base 4, what is 302321 - -133?
303120
In base 8, what is 1 - 6356?
-6355
In base 9, what is -4018 + -18?
-4037
In base 11, what is 8 - 73a2?
-7395
In base 10, what is -43529 - 11?
-43540
In base 10, what is 15 + -12187?
-12172
In base 7, what is 10056 - 2?
10054
In base 3, what is -1022101120 - -1102?
-1022100011
In base 13, what is 45b56 - 4?
45b52
In base 4, what is 10113 + 20312?
31031
In base 4, what is -333 + 10311131?
10310132
In base 8, what is 11322 - 147?
11153
In base 8, what is 10 + -66475?
-66465
In base 14, what is -43 - -1d167?
1d124
In base 9, what is -441145 - -10?
-441135
In base 8, what is 5461352 + -5?
5461345
In base 8, what is -5014 - -15?
-4777
In base 4, what is -2011302201 - 0?
-2011302201
In base 7, what is 3123 + 0?
3123
In base 12, what is 10187 + 35?
10200
In base 10, what is -101983 - 0?
-101983
In base 15, what is 245e74 + 3?
245e77
In base 11, what is 23 - -3265a?
32682
In base 4, what is -111200 + 2131?
-103003
In base 16, what is -8740 - -3?
-873d
In base 5, what is -4 + 3231?
3222
In base 15, what is -292 - 732?
-9c4
In base 10, what is -3 + -81759?
-81762
In base 14, what is 8a94 + -1?
8a93
In base 13, what is -4 - -1a6c8?
1a6c4
In base 9, what is 2176 - 54?
2122
In base 11, what is -14889 - 21?
-148aa
In base 14, what is -1 - 41609?
-4160a
In base 12, what is 19 - -13a4?
1401
In base 13, what is -2 - bc8?
-bca
In base 11, what is 3 + -150165?
-150162
In base 16, what is b44 + -14?
b30
In base 2, what is 110 + -111011001000011?
-111011000111101
In base 2, what is -101010010 - -10001000000?
1011101110
In base 2, what is -1111 + -110011011?
-110101010
In base 2, what is -11001011100011 - 1000111?
-11001100101010
In base 4, what is -100 + 213210003?
213203303
In base 7, what is 414 - 13544?
-13130
In base 16, what is -4b88 - -4?
-4b84
In base 7, what is 3 - -1034132?
1034135
In base 9, what is 5 + -166244?
-166238
In base 8, what is -242604 - 5?
-242611
In base 12, what is -66821 + -29?
-6684a
In base 3, what is -2 + -10021002221?
-10021010000
In base 10, what is -81164 - 1?
-81165
In base 4, what is 32 - 1202221?
-1202123
In base 2, what is 10011 - 1100000010?
-1011101111
In base 9, what is 2 + -8864?
-8862
In base 16, what is -1 + -76808?
-76809
In base 15, what is 179b - 3?
1798
In base 11, what is -6 - 2244?
-224a
In base 16, what is 1065 + c?
1071
In base 3, what is -2122 - -2102002?
2022110
In base 15, what is 6d - -7?
75
In base 13, what is 13 + 14cc?
1512
In base 5, what is 43 + 104310?
104403
In base 15, what is 31 + -e5d7?
-e5a6
In base 12, what is 5 + 9275?
927a
In base 10, what is 14 - -3739?
3753
In base 6, what is 32 - 544125?
-544053
In base 7, what is 43260 - -31?
43321
In base 14, what is d35d + -12?
d34b
In base 15, what is 94 - 14b?
-a7
In base 9, what is -824 + -378?
-1313
In base 2, what is 110011010110100011001 + -1?
110011010110100011000
In base 16, what is -5ae - -39?
-575
In base 8, what is -2 - -36573?
36571
In base 13, what is 25a + -2706?
-2479
In base 9, what is -12 - 3122?
-3134
In base 13, what is 1c - -1039?
1058
In base 9, what is 1461 + -400?
1061
In base 14, what is -4 - -1984cd?
1984c9
In base 4, what is 11221 - 11101?
120
In base 3, what is 1102 + 1020020200?
1020022002
In base 16, what is 109c - 6c?
1030
In base 14,